undreds digit of 9844842?
8
What is the ten thousands digit of 234578?
3
What is the units digit of 828139?
9
What is the hundreds digit of 63013?
0
What is the hundred thousands digit of 1022423?
0
What is the units digit of 891526?
6
What is the hundreds digit of 760920?
9
What is the tens digit of 36668?
6
What is the ten thousands digit of 462241?
6
What is the hundred thousands digit of 210741?
2
What is the tens digit of 799443?
4
What is the ten thousands digit of 12669068?
6
What is the hundreds digit of 3823082?
0
What is the tens digit of 2426348?
4
What is the tens digit of 417707?
0
What is the thousands digit of 101358?
1
What is the hundreds digit of 14008128?
1
What is the units digit of 368242?
2
What is the ten thousands digit of 1235483?
3
What is the units digit of 4596533?
3
What is the millions digit of 5950359?
5
What is the ten thousands digit of 2444428?
4
What is the units digit of 533315?
5
What is the hundred thousands digit of 6769648?
7
What is the ten thousands digit of 9631807?
3
What is the ten thousands digit of 95133?
9
What is the ten thousands digit of 21647409?
4
What is the units digit of 91117?
7
What is the ten thousands digit of 1529525?
2
What is the hundreds digit of 937089?
0
What is the thousands digit of 2868429?
8
What is the thousands digit of 274899?
4
What is the thousands digit of 1141350?
1
What is the hundred thousands digit of 873237?
8
What is the ten thousands digit of 8629523?
2
What is the ten thousands digit of 7351386?
5
What is the tens digit of 496043?
4
What is the ten thousands digit of 3465288?
6
What is the ten thousands digit of 1961690?
6
What is the units digit of 4110569?
9
What is the hundreds digit of 1046292?
2
What is the units digit of 1173128?
8
What is the hundreds digit of 499763?
7
What is the hundreds digit of 7455959?
9
What is the tens digit of 799009?
0
What is the millions digit of 2446373?
2
What is the thousands digit of 24614062?
4
What is the hundred thousands digit of 13955844?
9
What is the thousands digit of 9330437?
0
What is the ten thousands digit of 2468532?
6
What is the tens digit of 178507?
0
What is the ten thousands digit of 64444?
6
What is the tens digit of 442860?
6
What is the thousands digit of 196831?
6
What is the tens digit of 11661062?
6
What is the thousands digit of 362321?
2
What is the tens digit of 746736?
3
What is the units digit of 546698?
8
What is the units digit of 2413194?
4
What is the units digit of 128270?
0
What is the tens digit of 9041058?
5
What is the millions digit of 16344948?
6
What is the tens digit of 939675?
7
What is the hundreds digit of 273772?
7
What is the ten thousands digit of 167479?
6
What is the hundred thousands digit of 16832701?
8
What is the tens digit of 48770?
7
What is the tens digit of 300437?
3
What is the hundreds digit of 221732?
7
What is the thousands digit of 6943645?
3
What is the millions digit of 3056134?
3
What is the ten thousands digit of 1216952?
1
What is the ten thousands digit of 84827?
8
What is the units digit of 12397542?
2
What is the thousands digit of 8107707?
7
What is the hundreds digit of 387143?
1
What is the thousands digit of 902448?
2
What is the ten thousands digit of 278630?
7
What is the hundreds digit of 230126?
1
What is the ten thousands digit of 950541?
5
What is the ten thousands digit of 8143470?
4
What is the hundreds digit of 786474?
4
What is the hundred thousands digit of 918248?
9
What is the tens digit of 174299?
9
What is the millions digit of 28269281?
8
What is the hundred thousands digit of 2295465?
2
What is the hundred thousands digit of 1340917?
3
What is the hundreds digit of 256410?
4
What is the thousands digit of 74953?
4
What is the thousands digit of 383323?
3
What is the ten thousands digit of 932596?
3
What is the hundreds digit of 227764?
7
What is the tens digit of 1615150?
5
What is the units digit of 231433?
3
What is the hundreds digit of 12609369?
3
What is the millions digit of 4483716?
4
What is the tens digit of 691790?
9
What is the thousands digit of 12956476?
6
What is the millions digit of 2368466?
2
What is the tens digit of 3796743?
4
What is the hundred thousands digit of 310186?
3
What is the hundreds digit of 204307?
3
What is the thousands digit of 496950?
6
What is the thousands digit of 500982?
0
What is the ten thousands digit of 2078749?
7
What is the hundreds digit of 3577859?
8
What is the ten thousands digit of 579631?
7
What is the ten thousands digit of 434037?
3
What is the hundreds digit of 202023?
0
What is the thousands digit of 816612?
6
What is the thousands digit of 10423559?
3
What is the units digit of 5870331?
1
What is the units digit of 47242?
2
What is the ten thousands digit of 4616787?
1
What is the thousands digit of 8889117?
9
What is the ten thousands digit of 3142010?
4
What is the ten thousands digit of 266441?
6
What is the ten thousands digit of 248892?
4
What is the thousands digit of 442010?
2
What is the hundred thousands digit of 5499632?
4
What is the units digit of 17077646?
6
What is the millions digit of 1178935?
1
What is the ten thousands digit of 252569?
5
What is the hundred thousands digit of 579950?
5
What is the thousands digit of 207461?
7
What is the hundred thousands digit of 435351?
4
What is the hundreds digit of 130323?
3
What is the millions digit of 1933491?
1
What is the hundreds digit of 4599102?
1
What is the thousands digit of 24594555?
4
What is the millions digit of 5638816?
5
What is the units digit of 20900051?
1
What is the ten thousands digit of 1720446?
2
What is the thousands digit of 423083?
3
What is the thousands digit of 1844546?
4
What is the thousands digit of 3453905?
3
What is the ten millions digit of 10724234?
1
What is the hundred thousands digit of 3165049?
1
What is the ten thousands digit of 452875?
5
What is the tens digit of 2190331?
3
What is the tens digit of 352027?
2
What is the millions digit of 4649667?
4
What is the hundreds digit of 7008817?
8
What is the hundreds digit of 846289?
2
What is the tens digit of 635246?
4
What is the units digit of 15242448?
8
What is the thousands digit of 788596?
8
What is the ten thousands digit of 271453?
7
What is the ten millions digit of 13677393?
1
What is the ten thousands digit of 293647?
9
What is the hundred thousands digit of 11457470?
4
What is the hundreds digit of 562027?
0
What is the units digit of 440271?
1
What is the tens digit of 11806477?
7
What is the units digit of 150453?
3
What is the hundreds digit of 783465?
4
What is the hundreds digit of 657660?
6
What is the hundreds digit of 1892342?
3
What is the hundred thousands digit of 318822?
3
What is the tens digit of 854227?
2
What is the tens digit of 2036495?
9
What is the hundreds digit of 134651?
6
What is the hundred thousands digit of 10168739?
1
What is the tens digit of 353500?
0
What is the hundreds digit of 279168?
1
What is the ten millions digit of 33386669?
3
What is the millions digit of 1218080?
1
What is the units digit of 330211?
1
What is the hundred thousands digit of 3550058?
5
What is the hundred thousands digit of 247594?
2
What is the thousands digit of 8598024?
8
What is the tens digit of 2973282?
8
What is the hundreds digit of 1418230?
2
What is the units digit of 704897?
7
What is the hundreds digit of 5296564?
5
What is the ten thousands digit of 174945?
7
What is the tens digit of 1544934?
3
What is the hundreds digit of 4632107?
1
What is the units digit of 438784?
4
What is the hundred thousands digit of 177741?
1
What is the units digit of 7279975?
5
What is the ten millions digit of 13253777?
1
What is the ten thousands digit of 2059439?
5
What is the tens digit of 518277?
7
What is the ten thousands digit of 33836960?
3
What is the hundreds digit of 106676?
6
What is the thousands digit of 179410?
9
What is the hundred thousands digit of 304927?
3
What is the millions digit of 19151991?
9
What is the tens digit of 2008004?
0
What is the units digit of 275465?
5
What is the hundred thousands digit of 1980854?
9
What is the ten thousands digit of 1241075?
4
What is the ten thousands digit of 515264?
1
What is the thousands digit of 458600?
8
What is the tens digit of 11402061?
6
What is t